{"id":2625,"date":"2016-03-17T08:25:49","date_gmt":"2016-03-17T08:25:49","guid":{"rendered":"https:\/\/electro.madrasthemes.com\/?post_type=product&#038;p=2625"},"modified":"2026-04-10T23:14:14","modified_gmt":"2026-04-10T23:14:14","slug":"sistema-para-hoteles-2","status":"publish","type":"product","link":"https:\/\/gatorperu.com\/index.php\/product\/sistema-para-hoteles-2\/","title":{"rendered":"Sistema para Hoteles"},"content":{"rendered":"<h1><b>Sistema de Gesti\u00f3n para Hoteles: Definici\u00f3n, Funciones y M\u00e1s!<\/b><\/h1>\n<p><img fetchpriority=\"high\" decoding=\"async\" class=\"alignnone size-full wp-image-5430\" src=\"https:\/\/gatorperu.com\/wp-content\/uploads\/2016\/03\/hotel.webp\" alt=\"\" width=\"612\" height=\"408\" srcset=\"https:\/\/gatorperu.com\/wp-content\/uploads\/2016\/03\/hotel.webp 612w, https:\/\/gatorperu.com\/wp-content\/uploads\/2016\/03\/hotel-300x200.webp 300w, https:\/\/gatorperu.com\/wp-content\/uploads\/2016\/03\/hotel-600x400.webp 600w\" sizes=\"(max-width: 612px) 100vw, 612px\" \/><\/p>\n<h3><b>\u00bfQu\u00e9 es un Sistema de Gesti\u00f3n para hoteles? \u00bfCu\u00e1les son algunas de sus funciones? \u00bfCu\u00e1les son los mejores? Son algunas de las preguntas m\u00e1s frecuentes que intentaremos responder en este post.<\/b><\/h3>\n<p>Nuestro software hotelero te permite gestionar reservas, recepci\u00f3n, ama de llaves, puntos de venta, auditor\u00eda, facturaci\u00f3n y m\u00e1s. Mejora la experiencia de tus hu\u00e9spedes y optimiza tu operaci\u00f3n con conexiones a sunat.<\/p>\n<p><img decoding=\"async\" class=\"alignnone size-full wp-image-5432\" src=\"https:\/\/gatorperu.com\/wp-content\/uploads\/2016\/03\/hotel3.webp\" alt=\"\" width=\"1024\" height=\"480\" srcset=\"https:\/\/gatorperu.com\/wp-content\/uploads\/2016\/03\/hotel3.webp 1024w, https:\/\/gatorperu.com\/wp-content\/uploads\/2016\/03\/hotel3-300x141.webp 300w, https:\/\/gatorperu.com\/wp-content\/uploads\/2016\/03\/hotel3-768x360.webp 768w, https:\/\/gatorperu.com\/wp-content\/uploads\/2016\/03\/hotel3-600x281.webp 600w\" sizes=\"(max-width: 1024px) 100vw, 1024px\" \/><\/p>\n<div class=\"elementor-element elementor-element-8e7f727 elementor-widget elementor-widget-heading\" data-id=\"8e7f727\" data-element_type=\"widget\" data-e-type=\"widget\" data-widget_type=\"heading.default\">\n<div class=\"elementor-widget-container\">\n<h2 class=\"elementor-heading-title elementor-size-default\">Conecta todas las piezas de tu hotel<\/h2>\n<\/div>\n<\/div>\n<div class=\"elementor-element elementor-element-95a3a95 elementor-widget elementor-widget-text-editor\" data-id=\"95a3a95\" data-element_type=\"widget\" data-e-type=\"widget\" data-widget_type=\"text-editor.default\">\n<div class=\"elementor-widget-container\">\n<p>\u00bfReservas, canales, recepci\u00f3n, reportes, auditor\u00eda? Con nuestro software hotelero\u00a0<b>todo est\u00e1 integrado<\/b>\u00a0para que puedas administrar tu hotel de forma m\u00e1s eficiente, r\u00e1pida y sin errores. Automatiza actualizaciones de disponibilidad, visualiza tu ocupaci\u00f3n en tiempo real y atiende a tus hu\u00e9spedes con m\u00e1s control.<\/p>\n<\/div>\n<\/div>\n<h2 class=\"elementor-heading-title elementor-size-default\">\u00bfEn que te va a ayudar nuestro software hotelero?<\/h2>\n<div class=\"elementor-element elementor-element-c1a3481 elementor-widget elementor-widget-heading\" data-id=\"c1a3481\" data-element_type=\"widget\" data-e-type=\"widget\" data-widget_type=\"heading.default\">\n<div class=\"elementor-widget-container\">\n<h2 class=\"elementor-heading-title elementor-size-default\">Reservaciones<\/h2>\n<\/div>\n<\/div>\n<div class=\"elementor-element elementor-element-1606542 elementor-widget elementor-widget-text-editor\" data-id=\"1606542\" data-element_type=\"widget\" data-e-type=\"widget\" data-widget_type=\"text-editor.default\">\n<div class=\"elementor-widget-container\">\n<p>Optimiza la gesti\u00f3n de reservas con un sistema<br \/>\ncentralizado. Nuestro software hotelero te<br \/>\npermite registrar, modificar y visualizar reservas<br \/>\nen tiempo real, reduciendo errores y sobreventas.<br \/>\nMejora la experiencia del hu\u00e9sped desde el primer<br \/>\nclic.<\/p>\n<div class=\"elementor-element elementor-element-3f03382 elementor-widget elementor-widget-heading\" data-id=\"3f03382\" data-element_type=\"widget\" data-e-type=\"widget\" data-widget_type=\"heading.default\">\n<div class=\"elementor-widget-container\">\n<h2 class=\"elementor-heading-title elementor-size-default\">Recepci\u00f3n<\/h2>\n<\/div>\n<\/div>\n<div class=\"elementor-element elementor-element-4858124 elementor-widget elementor-widget-text-editor\" data-id=\"4858124\" data-element_type=\"widget\" data-e-type=\"widget\" data-widget_type=\"text-editor.default\">\n<div class=\"elementor-widget-container\">\n<p>Facilita check-in y check-out r\u00e1pidos, asignaci\u00f3n<br \/>\nde habitaciones, registro de hu\u00e9spedes y gesti\u00f3n<br \/>\nde estancias. Con nuestro software hotelero, tu<br \/>\nrecepci\u00f3n trabaja de forma m\u00e1s \u00e1gil, con mejor<br \/>\nvisibilidad de cada operaci\u00f3n y mayor control<br \/>\nsobre la ocupaci\u00f3n.<\/p>\n<div class=\"elementor-element elementor-element-b496b53 elementor-widget elementor-widget-heading\" data-id=\"b496b53\" data-element_type=\"widget\" data-e-type=\"widget\" data-widget_type=\"heading.default\">\n<div class=\"elementor-widget-container\">\n<h2 class=\"elementor-heading-title elementor-size-default\">Auditor\u00eda<\/h2>\n<\/div>\n<\/div>\n<div class=\"elementor-element elementor-element-812d23c elementor-widget elementor-widget-text-editor\" data-id=\"812d23c\" data-element_type=\"widget\" data-e-type=\"widget\" data-widget_type=\"text-editor.default\">\n<div class=\"elementor-widget-container\">\n<p>Obt\u00e9n visibilidad completa de tus operaciones.<br \/>\nCon nuestro software hotelero puedes auditar<br \/>\nprocesos, revisar movimientos, validar accesos y<br \/>\nasegurar el cumplimiento de pol\u00edticas internas.<br \/>\nIdeal para gerentes y equipos que requieren<br \/>\ncontrol total dentro de su hotel.<\/p>\n<div class=\"elementor-element elementor-element-71da2b0 elementor-widget elementor-widget-heading\" data-id=\"71da2b0\" data-element_type=\"widget\" data-e-type=\"widget\" data-widget_type=\"heading.default\">\n<div class=\"elementor-widget-container\">\n<h2 class=\"elementor-heading-title elementor-size-default\">Gerencia<\/h2>\n<\/div>\n<\/div>\n<div class=\"elementor-element elementor-element-d43076e elementor-widget elementor-widget-text-editor\" data-id=\"d43076e\" data-element_type=\"widget\" data-e-type=\"widget\" data-widget_type=\"text-editor.default\">\n<div class=\"elementor-widget-container\">\n<p>Toma decisiones estrat\u00e9gicas basadas en datos<br \/>\nreales. Nuestro software hotelero te ofrece<br \/>\nreportes robustos, indicadores clave de<br \/>\ndesempe\u00f1o (KPIs) y visibilidad completa de todas<br \/>\nlas \u00e1reas del hotel. Desde ingresos y ocupaci\u00f3n<br \/>\nhasta productividad por segmentos, origenes y<br \/>\nagencias. Obt\u00e9n la informaci\u00f3n que necesitas para<br \/>\nmejorar resultados y optimizar recursos.<\/p>\n<div class=\"elementor-element elementor-element-3a56318 elementor-widget elementor-widget-heading\" data-id=\"3a56318\" data-element_type=\"widget\" data-e-type=\"widget\" data-widget_type=\"heading.default\">\n<div class=\"elementor-widget-container\">\n<h2 class=\"elementor-heading-title elementor-size-default\">Restaurantes y bares<\/h2>\n<\/div>\n<\/div>\n<div class=\"elementor-element elementor-element-75c3e0a elementor-widget elementor-widget-text-editor\" data-id=\"75c3e0a\" data-element_type=\"widget\" data-e-type=\"widget\" data-widget_type=\"text-editor.default\">\n<div class=\"elementor-widget-container\">\n<p>Gestiona puntos de venta, comandas, inventarios<br \/>\ny facturaci\u00f3n desde una misma plataforma.<br \/>\nNuestro software hotelero, atraves de SiH POS, se<br \/>\nintegra con tus \u00e1reas de alimentos y bebidas para<br \/>\nofrecer un servicio r\u00e1pido, preciso y sin fricciones.<\/p>\n<div class=\"elementor-element elementor-element-93cd34a elementor-widget elementor-widget-heading\" data-id=\"93cd34a\" data-element_type=\"widget\" data-e-type=\"widget\" data-widget_type=\"heading.default\">\n<div class=\"elementor-widget-container\">\n<h2 class=\"elementor-heading-title elementor-size-default\">Facturaci\u00f3n<\/h2>\n<\/div>\n<\/div>\n<div class=\"elementor-element elementor-element-b43b1d8 elementor-widget elementor-widget-text-editor\" data-id=\"b43b1d8\" data-element_type=\"widget\" data-e-type=\"widget\" data-widget_type=\"text-editor.default\">\n<div class=\"elementor-widget-container\">\n<p>Emite facturas electr\u00f3nicas en cumplimiento con<br \/>\nla SUNAT.<\/p>\n<div class=\"elementor-element elementor-element-a221678 elementor-widget elementor-widget-heading\" data-id=\"a221678\" data-element_type=\"widget\" data-e-type=\"widget\" data-widget_type=\"heading.default\">\n<div class=\"elementor-widget-container\">\n<h2 class=\"elementor-heading-title elementor-size-default\">Contabilidad<\/h2>\n<\/div>\n<\/div>\n<div class=\"elementor-element elementor-element-babffad elementor-widget elementor-widget-text-editor\" data-id=\"babffad\" data-element_type=\"widget\" data-e-type=\"widget\" data-widget_type=\"text-editor.default\">\n<div class=\"elementor-widget-container\">\n<p>Automatiza reportes contables, conciliaciones, y<br \/>\nflujos financieros internos. Nuestro software<br \/>\nhotelero cumple con los lineamientos fiscales de<br \/>\nM\u00e9xico y se adapta a tus pol\u00edticas contables.<br \/>\nAhorra tiempo y reduce errores humanos.<\/p>\n<div class=\"elementor-element elementor-element-13e8632 elementor-widget elementor-widget-heading\" data-id=\"13e8632\" data-element_type=\"widget\" data-e-type=\"widget\" data-widget_type=\"heading.default\">\n<div class=\"elementor-widget-container\">\n<h2 class=\"elementor-heading-title elementor-size-default\">Venta directa<\/h2>\n<\/div>\n<\/div>\n<div class=\"elementor-element elementor-element-2ae45d8 elementor-widget elementor-widget-text-editor\" data-id=\"2ae45d8\" data-element_type=\"widget\" data-e-type=\"widget\" data-widget_type=\"text-editor.default\">\n<div class=\"elementor-widget-container\">\n<p>Impulsa tus reservas sin intermediarios. Con<br \/>\nnuestro software hotelero puedes integrar tu<br \/>\nmotor de reservas al sitio web del hotel,<br \/>\nofreciendo una experiencia \u00e1gil, segura y sin<br \/>\ncomisiones. Controla tus promociones, tarifas y<br \/>\ndisponibilidad en tiempo real, y convierte m\u00e1s<br \/>\nvisitas en ventas desde tu propio canal.<\/p>\n<div class=\"elementor-element elementor-element-300d5d6 elementor-widget elementor-widget-heading\" data-id=\"300d5d6\" data-element_type=\"widget\" data-e-type=\"widget\" data-widget_type=\"heading.default\">\n<div class=\"elementor-widget-container\">\n<h2 class=\"elementor-heading-title elementor-size-default\">Ventas<\/h2>\n<\/div>\n<\/div>\n<div class=\"elementor-element elementor-element-328b1f0 elementor-widget elementor-widget-text-editor\" data-id=\"328b1f0\" data-element_type=\"widget\" data-e-type=\"widget\" data-widget_type=\"text-editor.default\">\n<div class=\"elementor-widget-container\">\n<p>Conecta tu estrategia comercial con herramientas<br \/>\nque facilitan seguimiento de tarifas, promociones<br \/>\ny an\u00e1lisis de ingresos. El software hotelero de SiH<br \/>\nhoteles te permite tomar decisiones basadas en<br \/>\ndatos, no suposiciones.<\/p>\n<p>&nbsp;<\/p>\n<\/div>\n<\/div>\n<\/div>\n<\/div>\n<\/div>\n<\/div>\n<\/div>\n<\/div>\n<\/div>\n<\/div>\n<\/div>\n<\/div>\n<\/div>\n<\/div>\n<\/div>\n<\/div>\n<\/div>\n<\/div>\n","protected":false},"excerpt":{"rendered":"<ul>\n<li class=\"bi bi-check\">Comprobantes Ilimitados<\/li>\n<li class=\"bi bi-check\">Usuarios Ilimitados<\/li>\n<li class=\"bi bi-check\">Establecimientos Ilimitados<\/li>\n<li class=\"bi bi-check\">Facturaci\u00f3n, boletas Electr\u00f3nicas.<\/li>\n<li class=\"bi bi-check\">Sistema de ventas , compras<\/li>\n<li class=\"bi bi-check\">Punto de Venta<\/li>\n<li class=\"bi bi-check\">Inventarios<\/li>\n<li class=\"bi bi-check\">Tienda Virtual<\/li>\n<li class=\"bi bi-check\">Sistema Contable y Finanzas<\/li>\n<li class=\"bi bi-check\">Reportes personalizados<\/li>\n<li class=\"bi bi-check\">M\u00f3dulos adicionales seg\u00fan tu rubro de negocio.<\/li>\n<li>app gratis para usuarios<\/li>\n<li>Comandas para Mozos<\/li>\n<li>Comandas para Cocina<\/li>\n<li>Comandas para Caja<\/li>\n<li>Comandas para Delivery<\/li>\n<li>Soporte de 8:00am\u00a0 a 10:00pm (llamada y Whatsapp)<\/li>\n<li><\/li>\n<\/ul>\n","protected":false},"featured_media":5433,"comment_status":"open","ping_status":"closed","template":"","meta":{"_acf_changed":false,"content-type":""},"product_brand":[],"product_cat":[226],"product_tag":[],"class_list":{"0":"post-2625","1":"product","2":"type-product","3":"status-publish","4":"has-post-thumbnail","6":"product_cat-hoteles","8":"first","9":"instock","10":"featured","11":"shipping-taxable","12":"purchasable","13":"product-type-simple"},"acf":[],"_links":{"self":[{"href":"https:\/\/gatorperu.com\/index.php\/wp-json\/wp\/v2\/product\/2625","targetHints":{"allow":["GET"]}}],"collection":[{"href":"https:\/\/gatorperu.com\/index.php\/wp-json\/wp\/v2\/product"}],"about":[{"href":"https:\/\/gatorperu.com\/index.php\/wp-json\/wp\/v2\/types\/product"}],"replies":[{"embeddable":true,"href":"https:\/\/gatorperu.com\/index.php\/wp-json\/wp\/v2\/comments?post=2625"}],"wp:featuredmedia":[{"embeddable":true,"href":"https:\/\/gatorperu.com\/index.php\/wp-json\/wp\/v2\/media\/5433"}],"wp:attachment":[{"href":"https:\/\/gatorperu.com\/index.php\/wp-json\/wp\/v2\/media?parent=2625"}],"wp:term":[{"taxonomy":"product_brand","embeddable":true,"href":"https:\/\/gatorperu.com\/index.php\/wp-json\/wp\/v2\/product_brand?post=2625"},{"taxonomy":"product_cat","embeddable":true,"href":"https:\/\/gatorperu.com\/index.php\/wp-json\/wp\/v2\/product_cat?post=2625"},{"taxonomy":"product_tag","embeddable":true,"href":"https:\/\/gatorperu.com\/index.php\/wp-json\/wp\/v2\/product_tag?post=2625"}],"curies":[{"name":"wp","href":"https:\/\/api.w.org\/{rel}","templated":true}]}}