{"id":2603,"date":"2016-03-17T07:54:47","date_gmt":"2016-03-17T07:54:47","guid":{"rendered":"https:\/\/electro.madrasthemes.com\/?post_type=product&#038;p=2603"},"modified":"2026-04-08T00:54:40","modified_gmt":"2026-04-08T00:54:40","slug":"sistema-para-supermercado-minimarket","status":"publish","type":"product","link":"https:\/\/gatorperu.com\/index.php\/product\/sistema-para-supermercado-minimarket\/","title":{"rendered":"Sistema para Super Mercados &#8211; Minimarket (Pago Mensual.)"},"content":{"rendered":"<div class=\"col-lg-6 info wow fadeInLeft\">\n<h2>GATOR PLUS<\/h2>\n<p>Es un sistema que te permite controlar tu empresa, sistema de ventas , facturaci\u00f3n electr\u00f3nica , inventarios , compras, finanzas , caja, contabilidad y mucho m\u00e1s<\/p>\n<ul>\n<li>\n<h5>100% Ilimitado envio a\u00a0 sunat<\/h5>\n<\/li>\n<li>\n<h5>Acceso desde cualquier dispositivo<\/h5>\n<\/li>\n<li>la activacion del sistema demora 1 hora con toda las configuraciones<\/li>\n<li>el certificado digital es gratis<\/li>\n<\/ul>\n<\/div>\n<div class=\"col-lg-6\">\n<div class=\"thumb wow fadeInRight\" data-wow-delay=\"0.5s\"><img fetchpriority=\"high\" decoding=\"async\" class=\"alignnone size-medium wp-image-5413\" src=\"https:\/\/gatorperu.com\/wp-content\/uploads\/2016\/03\/facturacionmarket-240x300.jpg\" alt=\"\" width=\"240\" height=\"300\" srcset=\"https:\/\/gatorperu.com\/wp-content\/uploads\/2016\/03\/facturacionmarket-240x300.jpg 240w, https:\/\/gatorperu.com\/wp-content\/uploads\/2016\/03\/facturacionmarket-768x960.jpg 768w, https:\/\/gatorperu.com\/wp-content\/uploads\/2016\/03\/facturacionmarket-600x750.jpg 600w, https:\/\/gatorperu.com\/wp-content\/uploads\/2016\/03\/facturacionmarket.jpg 810w\" sizes=\"(max-width: 240px) 100vw, 240px\" \/><\/div>\n<\/div>\n<h3>Facturaci\u00f3n Electr\u00f3nica<\/h3>\n<ul>\n<li>Emite Facturas, Boletas, Nota de Cr\u00e9dito, Nota de D\u00e9bito, Gu\u00edas de Remisi\u00f3n, Gu\u00edas de Transportista y otros documentos.<\/li>\n<li>Emite tambi\u00e9n Anticipos, Comprobantes de Contingencia, Comprobante de Percepci\u00f3n, Exportaci\u00f3n de bienes y servicios.<\/li>\n<li>Visualiza en tiempo real el estado de tus comprobantes en SUNAT.<\/li>\n<li>100% de validez de comprobantes en SUNAT.<\/li>\n<li>Emite tus comprobantes desde cualquier computadora, laptop, tablet o celular.<\/li>\n<li>Garant\u00eda, Proveedor Autorizado por SUNAT.<\/li>\n<li>Certificado en ISO 27001, Seguridad de la Informaci\u00f3n.<\/li>\n<li>Actualizaci\u00f3n permanente con los cambios normativos<\/li>\n<\/ul>\n<h3>Ventas<\/h3>\n<ul>\n<li>Emite tus comprobantes en segundos, trabaja con puro teclado.<\/li>\n<li>Realiza b\u00fasqueda de productos por c\u00f3digo, nombre, ubicaci\u00f3n, alias o c\u00f3digo de barras.<\/li>\n<li>Realiza descuentos, modifica precios y recupera la informaci\u00f3n de tus comprobantes ya emitidos.<\/li>\n<li>Coloca leyendas autom\u00e1ticas para hoteles, agencias de viaje, amazon\u00eda, detracciones y retenciones.<\/li>\n<li>Env\u00eda con un clic las facturas y boletas de venta al WhatsApp o correo electr\u00f3nico de tus clientes.<\/li>\n<li>Cuentas con todas las funcionalidades para facturar, agrega placa, cuotas, gu\u00eda, orden de compra, pedido, observaciones, entre otros.<\/li>\n<li>Visualiza tus ventas, a trav\u00e9s de estad\u00edsticas mensuales.<\/li>\n<li>Obt\u00e9n reportes por sucursal, vendedor, por \u00edtem, resumido por productos y otros.<\/li>\n<li>Personaliza y administra los accesos y permisos de tu personal.<\/li>\n<li>Genera el RVIE 14.4 \u2013 SIRE SUNAT<\/li>\n<\/ul>\n<p><img decoding=\"async\" class=\"alignnone wp-image-5414\" src=\"https:\/\/gatorperu.com\/wp-content\/uploads\/2016\/03\/market-300x126.png\" alt=\"\" width=\"802\" height=\"252\" \/><\/p>\n<h3>Compras<\/h3>\n<ul>\n<li>Registra tus compras de forma f\u00e1cil y segura.<\/li>\n<li>Genera Ordenes de Compra y Ordenes de Servicios.<\/li>\n<li>Registra la compra en pocos clics, subiendo el XML de la compra.<\/li>\n<li>Guarda los documentos de la compra, sube el PDF, XML, CDR, voucher, Excel o Word de la compra.<\/li>\n<li>Registra facturas con descuentos sin necesidad de realizar el c\u00e1lculo del costo de compra.<\/li>\n<li>Gestiona las percepciones de tus compras.<\/li>\n<li>Exporta reportes: registro de compras, ranking de proveedores, precios de compra y otros.<\/li>\n<li>Genera el RCE 8.4 y 8.5 \u2013 SIRE SUNAT<\/li>\n<\/ul>\n<h3>Inventario<\/h3>\n<ul>\n<li>Controla todo el historial de entradas y salidas de un producto.<\/li>\n<li>Controla los movimientos de almac\u00e9n y realiza transferencias.<\/li>\n<li>Maneja lista de precios, p\u00fablico, distribuidor, al por mayor.<\/li>\n<li>Automatiza el precio de venta de tus productos mediante el uso de m\u00e1rgenes de ganancia.<\/li>\n<li>Crea Productos y Servicios ilimitados.<\/li>\n<li>Importa tus productos, precios desde Excel y actualiza cuando quieras.<\/li>\n<li>Genera e imprime tus propios c\u00f3digos de barra.<\/li>\n<li>Configura recetas de producci\u00f3n, consumo de insumos en autom\u00e1tico. Ensambla Kits, Combos.<\/li>\n<li>Controla tus productos por series o lotes.<\/li>\n<li>Reportes: Ganancia por productos vendidos, Kardex por producto, Kardex en Unidades F\u00edsicas y Valorizado, entre otros.<\/li>\n<\/ul>\n<h3>Caja Bancos<\/h3>\n<ul>\n<li>Controla totalmente el ingreso y salida de dinero.<\/li>\n<li>Controla tus cuentas por cobrar y pagar.<\/li>\n<li>Registra ingresos y egresos de caja, imprime constancias.<\/li>\n<li>Realiza CONCILIACIONES BANCARIAS y arqueo de efectivo.<\/li>\n<li>Maneja m\u00e9todos de pago: efectivo, VISA, tarjetas, bancos, Yape, Plin y otros.<\/li>\n<li>Reporte de caja por trabajador, sucursal o consolidado.<\/li>\n<li>Reporte de caja detallado, Ingresos y Salidas de efectivo por caja.<\/li>\n<\/ul>\n<h3>Contabilidad<\/h3>\n<ul>\n<li>Elabora tu contabilidad en pocos minutos para declarar a la SUNAT.<\/li>\n<li>Genera todos tus asientos contables en autom\u00e1tico.<\/li>\n<li>Obt\u00e9n reporte de Liquidaci\u00f3n de Impuestos IGV \u2013 Renta.<\/li>\n<li>Exporta Libros contables SUNAT en formato Excel para R\u00e9gimen Especial, Mype Tributario y General.<\/li>\n<li>Genera Libros Electr\u00f3nicos: Registro de Compras, Registro de Ventas, Libro Diario Simplificado, Libro Diario, Mayor.<\/li>\n<li>Genera Estados Financieros (Balance de comprobaci\u00f3n, Estado de Situaci\u00f3n Financiera, Estado de Resultados, todo en autom\u00e1tico).<\/li>\n<li>Conectado con SIRE SUNAT (Extrae propuesta de Ventas y Compras).<\/li>\n<li>Migra tu contabilidad de cualquier sistema, en pocos minutos<\/li>\n<\/ul>\n<h3>Consulta RUC y DNI<\/h3>\n<ul>\n<li>Conectado con SUNAT, al colocar el n\u00famero de RUC, el sistema recupera raz\u00f3n social, direcci\u00f3n del cliente.<\/li>\n<li>Al colocar n\u00famero de DNI, el sistema recupera nombre completo del cliente.<\/li>\n<li>Agrega datos adicionales como correo, celular, etc.<\/li>\n<li>Modifica o actualiza los datos de tus clientes cuando quieras.<\/li>\n<li>Env\u00eda con un clic las facturas o boletas de venta al correo electr\u00f3nico o WhatsApp de tus clientes.<\/li>\n<\/ul>\n","protected":false},"excerpt":{"rendered":"<ul>\n<li class=\"bi bi-check\">Comprobantes Ilimitados<\/li>\n<li class=\"bi bi-check\">Usuarios Ilimitados<\/li>\n<li class=\"bi bi-check\">Establecimientos Ilimitados<\/li>\n<li class=\"bi bi-check\">Facturaci\u00f3n, boletas Electr\u00f3nicas.<\/li>\n<li class=\"bi bi-check\">Sistema de ventas , compras<\/li>\n<li class=\"bi bi-check\">Punto de Venta<\/li>\n<li class=\"bi bi-check\">Inventarios<\/li>\n<li class=\"bi bi-check\">Tienda Virtual<\/li>\n<li class=\"bi bi-check\">Sistema Contable y Finanzas<\/li>\n<li class=\"bi bi-check\">Reportes personalizados<\/li>\n<li class=\"bi bi-check\">M\u00f3dulos adicionales seg\u00fan tu rubro de negocio.<\/li>\n<\/ul>\n","protected":false},"featured_media":5413,"comment_status":"open","ping_status":"closed","template":"","meta":{"_acf_changed":false,"content-type":""},"product_brand":[],"product_cat":[155],"product_tag":[],"class_list":{"0":"post-2603","1":"product","2":"type-product","3":"status-publish","4":"has-post-thumbnail","6":"product_cat-super-mercado-minimarket","8":"first","9":"instock","10":"shipping-taxable","11":"purchasable","12":"product-type-simple"},"acf":[],"_links":{"self":[{"href":"https:\/\/gatorperu.com\/index.php\/wp-json\/wp\/v2\/product\/2603","targetHints":{"allow":["GET"]}}],"collection":[{"href":"https:\/\/gatorperu.com\/index.php\/wp-json\/wp\/v2\/product"}],"about":[{"href":"https:\/\/gatorperu.com\/index.php\/wp-json\/wp\/v2\/types\/product"}],"replies":[{"embeddable":true,"href":"https:\/\/gatorperu.com\/index.php\/wp-json\/wp\/v2\/comments?post=2603"}],"wp:featuredmedia":[{"embeddable":true,"href":"https:\/\/gatorperu.com\/index.php\/wp-json\/wp\/v2\/media\/5413"}],"wp:attachment":[{"href":"https:\/\/gatorperu.com\/index.php\/wp-json\/wp\/v2\/media?parent=2603"}],"wp:term":[{"taxonomy":"product_brand","embeddable":true,"href":"https:\/\/gatorperu.com\/index.php\/wp-json\/wp\/v2\/product_brand?post=2603"},{"taxonomy":"product_cat","embeddable":true,"href":"https:\/\/gatorperu.com\/index.php\/wp-json\/wp\/v2\/product_cat?post=2603"},{"taxonomy":"product_tag","embeddable":true,"href":"https:\/\/gatorperu.com\/index.php\/wp-json\/wp\/v2\/product_tag?post=2603"}],"curies":[{"name":"wp","href":"https:\/\/api.w.org\/{rel}","templated":true}]}}